210 = z. Suppose -z = t - 4*t. What is the greatest common factor of t and 7?
7
Suppose -p = 3*a + 1 - 11, p - 2 = -a. Let g(z) = -5*z - 3 - a*z - 1. Let d be g(-3). What is the greatest common divisor of d and 23?
23
Let w be (0/(-2))/(-2) + 2. Suppose 3*k + 66 = 6*k. What is the highest common factor of w and k?
2
Let j = 1 - -1. What is the highest common divisor of 18 and j?
2
Let s(x) = x**3 - 22*x**2 + 32. Let a be s(22). Calculate the greatest common divisor of 288 and a.
32
Let r be (-1)/2*(-18)/1. Let j be ((-1)/2)/((-3)/24). Let p(f) = 5*f**2 + f - 3. Let y be p(j). What is the greatest common factor of y and r?
9
Let p = -3 + 4. Let o be -4 - -5 - (-1 - p). What is the greatest common divisor of o and 3?
3
Suppose -5*q = -4*i - 70, -14 = 5*i + 11. Let o be q/(-35) + (-450)/(-7). Calculate the highest common factor of o and 8.
8
Suppose 4*h = -a + 19, -h = -6*h - 20. Calculate the greatest common factor of 14 and a.
7
Let p(b) = -b - 4. Let k be p(-9). Calculate the highest common factor of 2 and k.
1
Let k = -2 + 5. Suppose 5*f - k = 7. Suppose 4*j = f*j + 308. Calculate the highest common factor of 14 and j.
14
Let j(f) = 23*f**3 - 2*f**2. Let z be j(2). Suppose 4*h - 23 = 65. What is the greatest common factor of z and h?
22
Let s(f) = f**3 + 4*f**2 - 4*f. Let y be s(-3). What is the highest common factor of y and 84?
21
Let f(k) = k - 4. Let v be f(6). Suppose 2*d - 4*d - 4 = 0. Let g(n) = -11*n - 2. Let h be g(d). What is the greatest common divisor of h and v?
2
Suppose -37 = 7*k - 303. Calculate the greatest common divisor of 38 and k.
38
Let x be 8/(-4) - (-1 + 1). Let r be (-3)/6*(-12 - x). Calculate the highest common factor of 1 and r.
1
Let t(n) = n**2 - 4*n - 8. Let l be t(7). Suppose -5*q - 5*a + 145 = 0, -2*q + a + 3*a = -40. Calculate the highest common factor of q and l.
13
Let n be -4*(8 + -2)/(-1). Suppose 4*w - 70 = -2*i - w, 0 = -i + 3*w + n. What is the greatest common factor of i and 75?
15
Suppose 4*w = -3*v + 100, 2*v - 2*w - 2*w - 100 = 0. Suppose 3*i = 4*h - i - v, 5*h = -5*i. Calculate the greatest common factor of h and 45.
5
Suppose 0 = 2*w + 10 - 4. Let h = 1 - w. What is the greatest common factor of h and 20?
4
Let a(s) be the third derivative of 5*s**4/24 + s**2. Let k be a(2). Let g be (-6)/8 - 1827/(-36). What is the highest common divisor of g and k?
10
Suppose -3*i - i + 8 = 0. Let j be (-33)/(((-35)/10)/(-7)*-3). What is the highest common divisor of j and i?
2
Let d be 12/(-2*(-1)/6). Calculate the highest common factor of 54 and d.
18
Suppose 0 = -2*n + 12 - 6, -5*q - 5*n + 135 = 0. Let t be 1 + 6 - 1/1. Calculate the greatest common divisor of q and t.
6
Suppose f = 5*f - 16. What is the greatest common factor of 36 and f?
4
Let a be (-2)/3 + (-98)/(-3). Let h = a + -2. Suppose 3*u - 40 = -u - 4*w, 0 = 4*u + 2*w - h. What is the highest common divisor of 15 and u?
5
Suppose -208 + 2485 = 11*p. What is the greatest common factor of 46 and p?
23
Let d be ((-11)/4)/(5/(-100)). Let m = 1 + 10. What is the highest common divisor of d and m?
11
Let n = -21 - -32. What is the highest common factor of 110 and n?
11
Suppose -5*j - 5*w + 58 - 8 = 0, 3*j - 16 = 4*w. Suppose 4*d - 15 = -d. Suppose d*v + 16 = 5*v. What is the greatest common factor of j and v?
8
Let h = -15 - 25. Let l = h + 85. Suppose 0*s - l = -3*s. What is the highest common divisor of s and 15?
15
Let l = -16 - -36. Suppose -2*h + 7*h = l. What is the greatest common divisor of 4 and h?
4
Let y be -3*((-68)/3 + 1). Let b = -98 + 124. What is the greatest common factor of b and y?
13
Let k = 6 - 1. Suppose 4*s - 86 = z + 312, 0 = -k*s + 3*z + 501. Calculate the highest common divisor of 9 and s.
9
Let v(l) be the first derivative of -l + 1/2*l**2 - 2. Let m be v(7). What is the highest common divisor of 24 and m?
6
Let d be (56 - 2)*8/6. Let j be ((-2)/(-6))/(3/81). Calculate the greatest common divisor of d and j.
9
Let i = 162 + -147. What is the greatest common factor of 135 and i?
15
Let s be (42/35)/(27/180). Let a(d) = 19*d - 7. Let x be a(5). What is the greatest common factor of x and s?
8
Suppose -1 = -r - 0. Let x(z) = 16*z - 18*z + 0 + 1 + 9*z**2. Let b be x(r). Calculate the highest common factor of 16 and b.
8
Let f = 151 - 139. What is the greatest common factor of 3 and f?
3
Suppose -49 + 489 = 10*n. Calculate the greatest common divisor of 11 and n.
11
Suppose 0 = 3*v - 3, -3*s - 3*v - 24 = -63. What is the highest common divisor of 24 and s?
12
Suppose 4*g = -a + 44, -71 = -a + 3*g + 2*g. Let z = a + -24. What is the greatest common factor of z and 80?
16
Let n(b) be the third derivative of b**4/8 - b**3/6 - 2*b**2. Let d be n(3). Let q be 34/9 - 2/(-9). What is the greatest common divisor of d and q?
4
Suppose -5*g - 44 = -9*g. Suppose -5*j + 2*u + 323 = 0, -4*u = 2*j - 0*u - 134. Let s = j + -43. Calculate the highest common factor of g and s.
11
Let u(n) = -2*n**3 - 4*n**2 + 10*n - 1. Let p be u(-5). Let g be (-2)/(-4) - (-21)/2. Calculate the highest common divisor of p and g.
11
Let i be 80 + -2*3 + (4 - 1). Let u = 0 - -11. What is the greatest common factor of u and i?
11
Suppose 2*x - 204 = 3*l, 4*x + 0*x = 2*l + 392. What is the greatest common factor of 12 and x?
12
Let t = 85 + -30. Calculate the greatest common divisor of 11 and t.
11
Let k = 11 + 32. Suppose 4*b - k - 177 = 0. Calculate the greatest common factor of 22 and b.
11
Suppose -p = 2*c - 26, -3*p - 4*c + 88 = p. What is the greatest common factor of 54 and p?
18
Let s(j) = 18*j - 2. Let x be s(1). Calculate the highest common divisor of 16 and x.
16
Let m = 93 + -52. Suppose -63 = -2*x + m. Suppose -x + 490 = 4*i + s, 0 = 3*s + 6. Calculate the highest common factor of i and 10.
10
Suppose 6*s + 12 = 8*s. What is the greatest common divisor of 30 and s?
6
Let l = 195 + -99. Suppose 57 + 9 = z. Suppose -2*f - x = 4*x - 39, -2*x = 5*f - z. Calculate the greatest common divisor of f and l.
12
Let v be (-4)/(1/(1/2)). Let o = 29 + v. Calculate the greatest common factor of o and 3.
3
Let u(i) = -217*i**3 + 2*i**2 - 1. Let h be u(1). Let r = h + 321. Suppose 0*b - 9 = -3*b, -n - 2*b + 21 = 0. Calculate the highest common factor of n and r.
15
Let w(t) = -t**2 - 6*t - 2. Let x be w(-5). Suppose s + 12 = 2*n + 2*s, -x*n - 3*s + 21 = 0. Calculate the greatest common divisor of 25 and n.
5
Let j(a) = -5*a - 6. Suppose -4*t - 24 = 2*g, t + 4*t + g = -24. Let k be j(t). What is the highest common factor of 126 and k?
14
Suppose -6*r + 32 = -4*r. Let k = 126 + -62. What is the highest common divisor of k and r?
16
Let p be -3 - 3*110/(-15). Calculate the greatest common divisor of p and 95.
19
Suppose 2*j - 4*j + 256 = 0. Calculate the greatest common factor of j and 8.
8
Let k(v) = 4 + 3*v**2 - 4 + v**2. Let i be k(-1). Let d(p) = p**2 - 6*p - 4. Let c be d(-4). Calculate the highest common divisor of c and i.
4
Let v(g) = 0*g**2 + 11*g**2 - 4*g**2 + 6*g - 4*g**2. Let s be v(3). What is the greatest common factor of 5 and s?
5
Let w(m) be the first derivative of 0*m**2 + 1 + 1/3*m**3 - 7/4*m**4 + 0*m. Let x be w(-2). What is the highest common factor of x and 12?
12
Suppose 5*m = -2*w + 150, 2*m = 2*w - m - 134. Suppose -7*p = -4*o - 3*p + 104, o = -4*p + 36. What is the greatest common factor of o and w?
14
Let j(x) = 2*x**3 - 10*x**2 + 6*x. Let g be j(5). Calculate the highest common factor of 3 and g.
3
Let w be (19/(-7) + (-2)/7)*-49. What is the greatest common factor of w and 21?
21
Let n be -2 + (-1 - -5 - -10). What is the greatest common factor of 6 and n?
6
Suppose 4*l = -x + 33, x + 18 = 3*x - 4*l. Let t be x + -1 + 0/(-1). Let y(g) = -2*g - 6. Let z be y(-5). Calculate the greatest common factor of t and z.
4
Let t(c) = -c**2 + 10*c + 5. Let a be t(5). Let r = a + -51. Let z = r - -40. Calculate the greatest common factor of 95 and z.
19
Let l(y) = -y**3 + 7*y**2 + 4*y + 10. Let t be l(5). What is the highest common divisor of t and 8?
8
Let o be 6/(-14) - 572/(-28). Suppose 0 = -4*l - 16, 5*l + o + 25 = d. What is the highest common divisor of 10 and d?
5
Suppose -4*d + 4*v - 10 = -2, -d = -3*v. Let n(q) = -4*q + 2. Let r be n(d). What is the greatest common factor of r and 14?
14
Let c be 2/(84/(-92) + 1). Calculate the highest common fa